
-6
Calculate 31 + 9 + (-6 - 29).
5
What is -35 + (34 - 37 - (-19 + 7))?
-26
Calculate (-17 + -7 - -65) + -61.
-20
13 + -12 + -12 + 28 + (0 - 0)
17
-16 - (-7 - (-31 - -23))
-17
Calculate (-69 - -77) + (-15 - 1).
-8
Calculate 16 + (-47 - (-13 - 4)).
-14
Evaluate 5 + 4 + -1 + (-110 - -69) - -4.
-29
Evaluate -13 + (-5 - -8) + (-14 - (1 - 5)).
-20
-17 + (25 - 6) + 1
3
What is the value of -4 - -2 - 2 - (2298 - 2276)?
-26
What is the value of (-8 - 1) + 18 - 17?
-8
22 - (-4 + 11 - (29 - 16))
28
-2 + -12 - (4 + -22)
4
What is the value of 675 + -678 + (-8 - -1)?
-10
What is -77 + 84 + (-6 - -3) + 4 + 2?
10
What is the value of -5 + (8 - 4 - (-2 + 4)) + -5?
-8
What is (3 - (0 + -5 + 11)) + (5 - -4)?
6
(17 - 6) + (7 - (15 + 1))
2
What is 4 + -15 - (22 + (4 - 12))?
-25
Calculate (106 - 91) + -3 + 8.
20
Evaluate (-179 - -175) + (0 - 2 - -13) + 10.
17
Evaluate 13 + -7 - (9 + 2).
-5
Calculate -2 + (-88 - -98 - (1 - 1)).
8
30 + (-21 + -13 - 1)
-5
What is -1 + 19 + 0 - (107 + -47 + -63)?
21
What is -2 + 0 - (8 - -2) - (-108 - -108)?
-12
Evaluate (-5 - 1) + -3 + 8.
-1
19 + (-5 - (-4 - 2) - 4) + -3
13
(30 - (2 + 3)) + -12
13
What is 6 + 10 + (-1 + -2 - 28)?
-15
What is (-8 - (4 + -5) - 1) + -11?
-19
Calculate -13 + 9 + 12 - -2.
10
25 + -12 + (24 + -8 - 7)
22
Calculate -2 - (10 - (5 - (-2 + -1) - 4)).
-8
What is 18 + -4 - (21 - 6)?
-1
(0 - 1) + 5 - 27
-23
Evaluate -64 + 29 + (1 - -33).
-1
Calculate (-8 + 5 - 15) + 9 + -9.
-18
Evaluate -33 + 0 + (-10 - -30 - 8).
-21
21 + (1 - -5) - (10 + -3)
20
Calculate (-2 - 2) + (-808 - -815).
3
29 + 7 + (-3 - 11)
22
Evaluate -13 - (-35 + 21 + (-5 - -5) + 8).
-7
(24 - 34) + -1 + 1
-10
What is the value of 2 + -12 + 5 - -28?
23
-23 + 62 - ((2 - 0) + 3 + 3)
31
What is 4 + -18 + 7 + 12?
5
-58 - -48 - (1 + -10 + -1)
0
What is -18 + 16 - (-3 + -2 - 11)?
14
What is -10 - (-5 + 2 - (-2 - -18))?
9
(11 - (5 + 2)) + -3 + 11
12
What is the value of 10 + -11 - -1 - -2 - 8?
-6
-11 + (8 - -34) + -7
24
What is 6 + (9 + -8 + 3 - 7)?
3
What is 2193 + -2204 - (1 - -19)?
-31
Calculate 8 + -1 + 7 + -15 + -7 - 22.
-30
Calculate -14 + 11 - (-14 - (2 - -3 - 11)).
5
Evaluate -87 + 71 - (3 - 2).
-17
Calculate (0 - -4) + (1 - (11 - 8)) - 17.
-15
-2 + -5 + -9 + 14 - 7
-9
-4 + 14 + -10 + 2 + 5 + -10
-3
Calculate -96 - -112 - (0 + 32).
-16
Calculate (2 - -8) + -81 + 64 - (-1 - 19).
13
-6 - 2 - (4 - (-6 - -18)) - -11
11
What is (3 - (3 + -4)) + (13 - 21) + 14?
10
(2 - 1) + 2 - (-160 + 159) - 15
-11
Evaluate -1 + (-66 + 62 - (-2 + 11)).
-14
What is 32 + 1 + -12 + -6 + -8 - 29?
-22
What is 10 + (-1 - -14 - 24)?
-1
Evaluate 1 + (22 - 43) + 27.
7
14 - (7 - (-11 - (-23 - -1)))
18
What is -17 + -1 + 488 + -455?
15
Calculate -5 + 13 + (1 - 8) + -6.
-5
Evaluate 5 + (-39 - -27 - (2 - 5 - -24)).
-28
What is (8 + -3 - -6) + (3 - (-9 - -18))?
5
What is -11 + (1 - (-6 + 6) - (0 + 1))?
-11
What is -12 - (2 + -2 - 9)?
-3
-1 + 0 - (5 + 4 + (5 - 6))
-9
-4 - (-1 + 25 + -30 + (-9 - 1))
12
What is 14 - (15 + (34 + -18 - 4))?
-13
What is the value of 20 + 6 + -7 + -1?
18
Calculate -16 - (34 + -9 + -8 + 5).
-38
What is the value of 34 - 18 - (-11 - (-29 - 9))?
-11
-203 + 166 - (1 + -58)
20
What is the value of ((24 - 15) + 0 + -3 - 11) + 0?
-5
Calculate -15 + 31 + 13 + -32.
-3
Evaluate 84 - 81 - (-4 - (-12 + 7)).
2
Calculate -2 + (-8 - (10 - 33 - -13)).
0
Evaluate -19 - (-4 - 9 - 22).
16
50 + (-44 - -35) + -65
-24
Calculate (-6 - -20) + -22 - -16.
8
Calculate 15 + (8 + -12 + 7 - 6).
12
What is -25 + 13 + -13 + (9 - 1)?
-17
Calculate -7 - (4 - 18 - 0).
7
What is -79 + 86 + -2 + 11?
16
What is (-5 - -13) + -4 + 9?
13
What is the value of 40 + -39 - (2 + 1) - (0 + 6)?
-8
What is the value of (-4 + 9 - -6) + 1?
12
Calculate (2 - 3 - 2) + (16 - 16) - -6.
3
Evaluate 22 - (17 + (-5 - (-8 - -9))).
11
What is (3 - (-16 + 23)) + -7?
-11
(-6 + 1 - (-12 - (-37 - -15))) + 5
-10
What is (-14 - (-8 + 3)) + (-21 - -4)?
-26
What is the value of 16 - (-4 + 2 + (7 - 2)) - 3?
10
Calculate (-14 - 1) + (16 - -1) + (-39 - -27).
-10
What is -14 + 52 + -29 + (-21 - -1)?
-11
Evaluate (0 - 10) + (-16 - 4) + 12 + -9.
-27
What is the value of 33 - (8 - (22 - 35))?
12
What is (15 - 31) + 9 + -19 - -15?
-11
Evaluate (7 - (-3 + -2 + -7)) + (-4 - 0).
15
Calculate 3 + (-32 - (-66 - -23)).
14
Calculate (8 - 8) + ((-6 - -2) + -4 - -6).
-2
Evaluate -5 + -1 + -3 - (0 + -5).
-4
What is -29 + (-2 - (-4 - (-5 - -6))) + -1?
-27
What is -76 - (-27 - 52) - (10 + 2)?
-9
What is 17 - -10 - (19 - 4)?
12
Calculate -7 - ((9 - 1 - 3) + -8 + 5).
-9
Calculate 1 + -11 + 8 + -8 + 9 + -7.
-8
Calculate 4 + (4 + -15 + 30 - (1 - -1)).
21
Calculate 0 + (-13 + 10 - (8 + -17)).
6
-4 - 0 - (12 + -18 + -7)
9
What is 24 + -11 + -8 + 5?
10
What is the value of -8 - (-8 + (24 - 10))?
-14
(13 - 7) + -22 + -4 + 1
-19
What is -5 - (16 - 23 - -4) - -4?
2
Evaluate (-2 - -3) + (5 + 1 - (-5 + 8)).
4
Calculate -6 + (2 - 1 - -17).
12
What is 17 + 10 - (-14 - (-21 + 6))?
26
What is -4 + 4 - -9 - (-7 + 9 + -4)?
11
10 - 7 - (1 + -14 + 5)
11
What is (-37 - -11) + 16 + -4?
-14
8 + 19 + -34 + -22
-29
What is the value of 5 + (-1 - 1) + -11?
-8
(-17 - -14) + 5 + (-4 - -4)
2
Evaluate 0 - (14 + -7) - (3 + -3) - 0.
-7
Calculate (9 - 18) + 20 + -11.
0
What is the value of 7 - (17 + 7 - (-3 + 4))?
-16
Calculate (20 + 9 - 13) + 7.
23
-1 + (4 - 4 - -3) - (-7 - -7)
2
Calculate 8 + (7 - 12) - (4 - -1).
-2
-313 + 321 + (-17 - -1)
-8
27 + (11 - (27 - 1)) + 8
20
Evaluate (42 - 17) + -29 + (0 - 0).
-4
Evaluate 25 + 0 + (396 - 391) + -5.
25
What is (-1 + -2 - (-4 - 2)) + (35 - 28)?
10
What is the value of 4 + 4 + 1 + 0 + -7 + 4?
6
What is 14 + (-15 - 10 - -10)?
-1
What is 68 + -71 - (1 + -15)?
11
Calculate -2 + (24 - 3) + (-62 - -52).
9
What is 3 - (1 + 15 + -16 - (-7 - 0))?
-4
Calculate 41 + (5 - 26) - 35.
-15
Calculate 10 - (-21 - -3 - -20).
8
What is (-2 - -37 - -1) + (30 - (86 + -46))?
26
Calculate -11 + 14 + (6 - 10) - (-3 + -4).
6
(6 + -6 + 1 - (5 + -11)) + -4
3
Evaluate -29 + -22 + (4 - -32).
-15
Evaluate -7 + 19 + (-5 - (-2 - -1)).
8
Evaluate 10 + (-77 - -66) + (0 - -2).
1
What is the value of -1 - (5 + -4 + 10 + -4)?
-8
Calculate 25 - 19 - (24 - 1) - -4.
-13
Calculate -4 + -8 + 24 + (7 - 16).
3
What is the value of (-17 - (-33 + 18)) + (8 - 2)?
4
15 - (23 - (26 + -6))
12
Evaluate -24 + (1 - (16 + -22)).
-17
Calculate -13 + (0 - -25 - 18).
-6
What is the value of 19 - 6 - (4 - (2 + 5 - 6))?
10
Evaluate (-29 - -24) + 0 + 8 - 6.
-3
Calculate 7 - (11 - ((7 - -1) + -18)).
-14
What is the value of -5 + -7 - (-1 + -2 - (0 + 5))?
-4
What is the value of 18 - ((-6 - 0) + 41 + -23)?
6
Calculate -13 + (0 - -3) - (-169 - -170).
-11
(-6 - (-2 - (0 + 11))) + -2 - 5
0
Calculate -1 + 15 + -9 + 55 + -85.
-25
What is the value of 26 - 17 - (14 - 0)?
-5
What is the value of -26 + 2 - (114 + -133)?
-5
Calculate 17 - -2 - ((19 - 21) + -2).
23
(-3 - -25) + (-35 - 3)
-16
What is (20 - 36) + 8 + 0 + 5 + 0?
-3
What is the value of 50 + -49 + -10 + -3?
-12
Evaluate -3 + (4 - ((7 - 5) + 7)).
-8
Evaluate 2 - (-52 - (35 - 82)).
7
-7 + (8 - -5 - (0 - 2)) + -3
5
-2 - (20 + -12 - 3)
-7
Calculate 2 - -10 - ((-14 - -7) + 11).
8
What is the value of (7 - (2 + -1)) + -264 + 256?
-2
What is -295 + 317 - (-3 + 30)?
-5
Evaluate 12 - (-9 - (-32 - -14)).
3
What is -26 + 14 + 10 + -8 - -48?
38
Calculate 5 + (-3 - 3) + (9 - 2) + 7.
13
Evaluate -13 + (10 - 6 - 3).
-12
Evaluate -20 + -23 + 28 - -6.
-9
What is 5 - (-18 + 17) - (0 - 2 - 2)?
10
What is the value of 7 + -14 + (3 - (19 - 8))?
-15
What is 13 + -22 + 10 + 23?
24
What is 16 - (13 + -6 - 1) - (17 - 10)?
3
-3 - (-14 + 2) - 11
-2
Calculate (-12 + -17 - -22) + 5.
-2
What is (2 - (-3 + 0)) + (10 - 17) + 2?
0
Evaluate (-50 - -1) + 31 + (25 - 0).
7
Evaluate 13 + (0 - (-6 - -10)).
9
Evaluate (-82 - 29) + 75 + (13 - (2 - 0)).
-25
Evaluate -2 - -2 - 0 - (33 + -7 + -19).
-7
Calculate 24 + -33 + 1 + -7.
-15
What is 6 + -1 + -15 + 5 - 7?
-12
(-4 + -12 - (-10 - -10)) + 3 + -10
-23
Calculate (-10 - (-22 + (7 - 0)) - -6) + -15.
-4
What is 9 + ((32 - -2) + (23 - 32) - 2)?
32
(-3 - (5 + (-11 - -3))) + -4 + -14
-18
What is the value of 0 + -14 - (26 + -47)?
7
What is 19 - -5 - (-142 + 146)?
20
What is -16 + 6 + 12 + -7 - -35 - -1?
31
Calculate 8 + (-3 + -6 - 0).
-1
Evaluate -2 + -8 - (-157 - -139).
8
What is the value of 73 + -62 - (21 + -1) - (-10 + 26)?
-25
